*c - 10320 = -13360. Calculate the greatest common factor of 1406 and c.
38
Let f(t) = 3*t**2 - 2*t - 8. Let y be f(4). Let g = -30 + y. Suppose 2*v + 4*b - 28 = 2*b, g*b = -3*v + 45. Calculate the highest common divisor of 153 and v.
17
Suppose -18*x - 1009 - 2267 = 0. Let z be (-5306)/x - 4/26. Suppose 0 = 6*t - 3*t - 87. What is the highest common factor of z and t?
29
Suppose -15*l = -20*l - 13*n + 11, -124 = -4*l + 4*n. Let c be (1 - (-1052)/6)*3. What is the greatest common factor of l and c?
23
Let p(t) = -90*t**3 - 4*t**2 - 10*t + 60. Let v be p(-6). What is the highest common divisor of 24 and v?
24
Suppose 265*j - 268*j = 2*q - 266, 3*q + 4*j = 400. What is the highest common factor of 2006 and q?
34
Let x = -447 + 490. Let f(s) = 16*s + 23. Let v be f(12). Calculate the highest common factor of x and v.
43
Let v be 1326/169 + 12 - (-2)/13. Suppose v = -5*l, 7*l - 94 = -2*x + 12*l. Calculate the greatest common divisor of x and 333.
37
Let i(g) = -g**2 - 5*g + 2. Suppose -2*c - 9 - 1 = 0. Let a be i(c). Let k(u) = u**2 + 20*u - 66. Let d be k(-23). What is the highest common factor of d and a?
1
Let m = -152 + 271. Let f = m - 87. Let u = 17 + -9. What is the highest common divisor of u and f?
8
Let q(o) = -o**3 + 6*o**2 + o - 2. Let i(f) = 5*f + 1. Let p be i(1). Let y be q(p). Suppose 10*d - d - 396 = 0. What is the highest common factor of y and d?
4
Suppose x - w = 2*w + 513, x = -2*w + 523. Suppose 5*l - 381 = x. Calculate the greatest common factor of l and 36.
36
Let q be (-1 - (10 + -9))/(1/(-176)). Suppose 4*k + 204 = 5*x - 371, 3*x - k = q. Calculate the highest common divisor of x and 85.
17
Suppose 7*t + 10 = 2*t, i - 2*t - 1 = 0. Let v be (i/(-9))/(1/462). Let u be (-72)/(-5) + -3 + 78/30. Calculate the greatest common divisor of u and v.
14
Suppose -4*q - 2*g = -0*q + 510, 370 = -3*q + g. Let h = 125 + q. Suppose -14*s + 790 - 20 = h. What is the greatest common divisor of 5 and s?
5
Let u(a) = -31*a - 9. Let p(d) = 28*d + 8. Let v(w) = -3*p(w) - 4*u(w). Let b be v(1). Calculate the highest common factor of 104 and b.
52
Let w = 353 + -359. Let q be -11*(w - (-5 + 12)). Calculate the highest common factor of q and 13.
13
Suppose 3*m + 132 = -2*y + 4*y, 5*y + m - 330 = 0. Suppose -82 = -2*o + 2*i, -o + 5*i = -774 + 701. Calculate the greatest common factor of y and o.
33
Suppose 4*l = -3*l - 8*l. Suppose 2*i + l*d + 2*d - 156 = 0, 72 = i + 4*d. Calculate the greatest common divisor of 64 and i.
16
Let z = 160 + -176. Let g(t) = -t**2 - 27*t - 23. Let j be g(z). Calculate the highest common factor of j and 9.
9
Let c(a) = 4*a + 21. Suppose -9*v - 12 = -10*v. Let p be c(v). What is the highest common divisor of p and 23?
23
Let m = 292 + -152. Let y = 244384 - 244349. Calculate the highest common factor of y and m.
35
Suppose -10*s + 12*g = 9*g - 1335, 3*g + 255 = 2*s. Calculate the highest common factor of 999 and s.
27
Let d be (-52)/(-104) + (4699/2)/1. Calculate the greatest common factor of d and 282.
94
Suppose 10*d - 9066 = 4774. Suppose 1379*j - d*j + 675 = 0. Calculate the highest common divisor of j and 162.
27
Let k(d) = d**2 - 6*d - 4. Let f be k(8). Let p be ((-16)/f)/4*(-1 + 214). Let w = 73 + p. What is the highest common factor of 4 and w?
2
Suppose 4*s + 4698 = -5*v, -5*v + 5*s - 4678 = -s. Let j = 950 + v. What is the greatest common divisor of 22 and j?
2
Let h = 4331 - 4325. What is the highest common factor of 1182 and h?
6
Let p be 2 - (-1 + -1)/(2/2). Suppose -p*s = -5*s + 1305. Suppose h + j + 0*j - 325 = 0, -4*h - 5*j = -s. What is the highest common factor of h and 40?
40
Suppose -5 + 514 = -5*r + 4*i, 5*i = r + 85. Let u(n) = -2*n**2 + 3*n - 8. Let j be u(-6). Let w = j - r. What is the highest common factor of 28 and w?
7
Let r = 86 + -21. Suppose 6*q - 5*q = 3. Suppose -6 - 21 = -3*l + q*w, 0 = -l - 4*w + 29. Calculate the greatest common divisor of l and r.
13
Suppose -22*n + 7 = -125. Suppose 0 - 10 = -5*a. Suppose -4*b + a*b + 8 = 0. What is the highest common divisor of b and n?
2
Let l(w) = -w**2 + 5 + 8*w + 5*w**2 - 5*w + 5*w**2. Let h be l(-3). Let z(m) = -m**2 + 10*m - 10. Let d be z(7). What is the highest common divisor of d and h?
11
Suppose -2*n + 2*h + 142 = 0, -n + 0*h = 4*h - 96. What is the highest common divisor of 1007 and n?
19
Let i(b) = -2*b**2 + 0*b + 0 - 9*b - 3 - 12*b. Let m be i(-9). Calculate the greatest common divisor of m and 40.
8
Let u = -19 + 502. Suppose 482*t - u*t = -2. Calculate the greatest common factor of t and 11.
1
Let l be 2/(-3) + (-8)/(-3). Suppose 48*j - 755 = 43*j. Suppose -j*q + 160*q - 18 = 0. Calculate the greatest common factor of l and q.
2
Let o(f) = -f**3 - 24*f**2 - 185*f - 21. Let p be o(-16). What is the greatest common divisor of p and 1881?
99
Suppose 3*s - 17*s - 406 = 0. Let l be s/(-58) + (-31)/(-2). Calculate the highest common factor of 176 and l.
16
Let s(p) = -p**2 - 25*p - 69. Let z be s(-20). Suppose -4*t = -2*r - 40, -16*t + 19*t - r = z. What is the highest common factor of 22 and t?
11
Let q be (-6504)/(-204) + -15 + (-2)/(-17). Suppose -2*n + 49 + 13 = 4*j, 2*n = -j + 11. Calculate the greatest common factor of q and j.
17
Suppose -94*a = -103*a + 3960. What is the highest common divisor of 385 and a?
55
Suppose o + 2 = -3*b, -b - 2*o = -6*o + 5. Let q(a) = -59*a**3 - 2*a**2 - 3*a - 2. Let v be q(b). Let j = v - 28. What is the highest common factor of j and 20?
10
Suppose -1007*f + 1000*f = -1680. What is the highest common divisor of 735 and f?
15
Let i(j) = 7*j**2 + j. Let x be i(1). Let m = x - 3. Let z(c) = -c**3 - 20*c**2 - 20*c + 6. Let b be z(-19). What is the highest common factor of b and m?
5
Let z(h) = -9*h**3 + 2*h**2 - 1. Let m be z(-1). Let j = m + 12. Let n = -61 - -171. Calculate the highest common divisor of j and n.
22
Let h be 52341/803 + (-2)/(-33)*-3. Let l = -5 + 10. Calculate the highest common factor of h and l.
5
Suppose 88 - 588 = -4*v. Suppose 4*s + 123 = 3*o, 3*o - v - 19 = -3*s. Let y = 53 - -7. Calculate the greatest common factor of o and y.
15
Suppose 9*s = -5*s - 10*s + 432. Calculate the greatest common factor of 252 and s.
18
Suppose 88*o - 593 = 111. What is the highest common factor of 179 and o?
1
Suppose 20*w = 5853 + 134187. What is the greatest common divisor of w and 6?
6
Let r be 79*((-2 - -2) + 15). Let c = -78910 + 78925. Calculate the highest common divisor of r and c.
15
Let o(p) = -p**2 - 198*p - 1104. Let d be o(-6). Let i(y) = -48*y. Let u be i(-5). Calculate the greatest common factor of u and d.
48
Let c = -57 + 65. Suppose 30 = c*r - 2. Suppose -r*z + 571 = -69. Calculate the greatest common divisor of z and 20.
20
Let m = 10 + -5. Suppose 0 = -4*l - p + 797, 4*p = -m*l + 3*p + 995. Calculate the greatest common divisor of l and 22.
22
Suppose -3*m - 18 = -y - 4*m, -5*y + 90 = -3*m. Suppose 0 = -5*b - x + 41, 516*b - 515*b - 29 = 5*x. Calculate the greatest common divisor of y and b.
9
Let d(r) = -18*r + 144. Let h be d(8). Let x be (h - 5)*(-1568)/49. Calculate the highest common divisor of 128 and x.
32
Let d(c) = 27*c + 1. Let r be d(9). Let z = r - 231. What is the highest common factor of 104 and z?
13
Let x = -54 + 4. Let f = -45 - x. Suppose 0 = -0*m + f*m - 95. What is the highest common divisor of m and 38?
19
Suppose 3*p = -110 + 440. Let a = p - 30. Suppose 2*f - 270 = -a. What is the highest common divisor of f and 5?
5
Let f(t) = 8*t + 76 - 174 + 75. Let l be f(7). Let n = -1 - -23. Calculate the highest common factor of l and n.
11
Let z = -18897 - -18981. Calculate the highest common divisor of z and 1668.
12
Let l be (176/(-20))/(1 - 934/930). What is the greatest common divisor of 62 and l?
62
Let j be ((30/360)/(2/(-16)))/(2/(-561)). What is the greatest common factor of j and 68?
17
Let v = 723 - 701. Let x be (0/3)/(0 + 1). Suppose 2*u + u - 462 = x. Calculate the highest common divisor of v and u.
22
Suppose -7*q = 3*d - 3*q - 8, -13 = -4*d - 3*q. Suppose 14*c - d*c - 50 = 0. What is the highest common factor of c and 1?
1
Let h = -11372 + 11744. Calculate the highest common factor of 144 and h.
12
Suppose x - 1 - 4 = 0. Suppose -g - x*g + 228 = 0. Suppose 5*t - g = 7. Calculate the greatest common factor of t and 81.
9
Let l = 5 + -47. Let x be 